ivisor of 3 and c?
3
Let a(s) = 3*s + 1. Let m be a(2). Suppose -5*q - m = -22. Suppose 0 = 4*l - l - 2*y - 83, 3*l - 77 = -4*y. Calculate the greatest common factor of l and q.
3
Let l(p) = 11*p**2 - p - 1. Let j be l(-2). Calculate the highest common divisor of 9 and j.
9
Let j(r) = -r + 1. Let q be j(9). Let h(w) = -w - 1. Let y be h(q). What is the highest common divisor of 77 and y?
7
Let y = 65 - 57. What is the greatest common divisor of y and 52?
4
Suppose 0 = -0*q - 4*q + 24. Suppose -21 = -11*g + 4*g. What is the highest common divisor of q and g?
3
Let s(g) = 14*g - 37. Let v be s(4). Calculate the highest common factor of v and 57.
19
Let a(x) = -x**3 - 9*x**2 - 9*x + 18. Let s be a(-8). What is the highest common divisor of 13 and s?
13
Let b = 62 - 37. Let y = -14 + b. Calculate the highest common factor of y and 33.
11
Suppose 0 = -13*q - 24 + 141. Calculate the greatest common divisor of 27 and q.
9
Suppose -2*h = -2*l - 90, 2*h = -0*h - l + 93. Calculate the greatest common divisor of h and 115.
23
Let i be ((-16)/10)/(1/(-5)). Suppose -3*h + 4 = -i. Suppose 5*f = 169 - 29. What is the greatest common divisor of f and h?
4
Let s(z) = -z**3 - 7*z**2 - 6*z - 6. Let d be s(-6). Let o = -22 - d. Let g = -2 - o. What is the highest common factor of 70 and g?
14
Suppose 1 = -2*v + 25. Let z = v + -6. Calculate the greatest common divisor of 18 and z.
6
Let w(i) = -i**3 - 5*i**2 + 2*i + 9. Let v be w(-9). Suppose t = -4*t + v. What is the highest common factor of 7 and t?
7
Let g = -11 + 18. Suppose 0 = -g*s + 3*s + 24. Let j be (8/(-10))/(1/(-5)). Calculate the greatest common divisor of s and j.
2
Let g be (9/4)/(9/168). Let v = -6 + g. Calculate the greatest common factor of 4 and v.
4
Suppose -17 = -3*m + 5*z, -19 = m - 2*m - z. Calculate the greatest common divisor of 2 and m.
2
Suppose 26 = 5*i - 14. Let p(o) = 17*o - 1. Let n be p(1). Calculate the highest common divisor of n and i.
8
Suppose -5*o + 418 = 2*g, 421 = 5*o - 0*o - g. Let w = 91 - 70. What is the highest common factor of o and w?
21
Let q(g) = 64*g**2 + 3*g - 1. Let h be q(-1). What is the greatest common divisor of h and 12?
12
Let h(y) = y**2 + 5*y + 5. Let q be h(-5). Suppose 3*s + 0*s - 260 = -q*o, 3*s - 278 = 4*o. What is the highest common factor of 36 and s?
18
Let f = 14 + -9. Let n be -1 + (-4)/(4/3). Let u be 1 + n*(-2)/2. What is the highest common factor of f and u?
5
Let w be (-4)/(-6)*(13 + 5). What is the greatest common divisor of 48 and w?
12
Suppose 2*i - 3*i = 0. Suppose i = 2*y + 2*y - 36. Calculate the highest common factor of 63 and y.
9
Let r(z) = 2*z - 3. Let w(c) = c**3 + 5*c**2 + 3*c + 6. Let k be w(-4). Let y = 19 - k. Let j be r(y). What is the greatest common divisor of 60 and j?
15
Suppose 0 = -m + 10*m - 207. Calculate the highest common divisor of 23 and m.
23
Let g = 3 - -2. Suppose g*q - 190 = 110. Suppose 0*v = 4*v - 96. Calculate the greatest common divisor of q and v.
12
Let b be (-3)/(-2)*(-40)/(-12). Suppose 360 = b*o - 70. Suppose -14 = 4*h - o. What is the greatest common factor of h and 12?
6
Suppose -10*b + 84 = -8*b. What is the greatest common factor of b and 105?
21
Let h(r) be the third derivative of r**6/120 + r**5/30 - r**4/12 - r**3/2 + 2*r**2. Let q be h(-2). Calculate the greatest common divisor of 3 and q.
1
Let f = 13 + -7. What is the highest common factor of f and 6?
6
Let f = 341 - 325. Let d be 380/6 - 2/(-3). Calculate the greatest common divisor of d and f.
16
Let y(i) be the second derivative of 7*i**3/6 + 2*i**2 - 3*i. Let b be y(8). Let w(o) = 5*o - 6. Let g be w(6). Calculate the greatest common factor of b and g.
12
Suppose -j + 4*j - 102 = 0. Calculate the highest common divisor of j and 306.
34
Suppose x - 60 = -2*x. Suppose -2*w = 5*i - 6 - 1, 0 = -3*w + 2*i - 37. Let h = x + w. What is the greatest common divisor of h and 88?
11
Let p be (3*(4 - (-8)/12))/1. What is the highest common factor of 7 and p?
7
Let z be -69*((-32)/(-3))/(-4). What is the greatest common divisor of 23 and z?
23
Let j = 0 + -15. Let z be (j/6)/((-1)/8). Suppose -6*i + 299 + 181 = 0. Calculate the greatest common divisor of i and z.
20
Suppose 0 = 2*z - 11 - 61. Suppose -7*v + z = -4*v. What is the highest common factor of 48 and v?
12
Let u(o) = o**2 - o - 5. Let w be u(-4). Let d(s) = s**3 - 5*s**2 + 7*s - 6. Let k be d(5). Let z = k - w. What is the greatest common divisor of 35 and z?
7
Suppose 0 = -2*k - 0*i + 5*i - 103, -135 = 3*k - i. Let s = k + 114. What is the highest common divisor of 28 and s?
14
Suppose -4*i + 186 = -354. Suppose 6*p - 3*p = i. Let f = 16 + -1. Calculate the greatest common divisor of p and f.
15
Suppose -3*m - 132 = -6*m. Calculate the highest common factor of 11 and m.
11
Suppose 0*u - g + 40 = 3*u, -3*u + 2*g = -37. Calculate the greatest common divisor of 117 and u.
13
Suppose 0 = -5*w - 4*t + 108, 0*t = 3*w - 2*t - 56. What is the highest common divisor of w and 220?
20
Suppose 26 = 2*o - h, h + 3*h + 27 = o. Let m = o - 19. Let p = m - -12. What is the highest common factor of 4 and p?
4
Let r = -11 - -109. Calculate the greatest common divisor of 14 and r.
14
Let z = -12 + 23. What is the highest common factor of z and 77?
11
Let n = 36 + -18. Let x = n - -3. Suppose 3*o - 3*c - 24 = 2*c, 0 = -2*o - 2*c. Calculate the greatest common factor of x and o.
3
Suppose 7*i - 160 = 2*i. Let g be (1/1 - 1) + 16. Calculate the highest common factor of g and i.
16
Suppose -3*u + 12 = -27. Calculate the greatest common factor of 26 and u.
13
Suppose -2*s = -4*s + 34. Suppose 2*v - 195 - 77 = 0. Calculate the greatest common divisor of s and v.
17
Let z(g) = -20*g. Let l(a) = -220*a. Let x(t) = -3*l(t) + 32*z(t). Let s be 3*(0 - 1/(-3)). Let r be x(s). What is the highest common factor of r and 50?
10
Let x = 1 + 5. Suppose 6 = -3*w + 6*w + 3*k, -3*k = -x. Suppose w*p + 3*p - 3*t = 234, 3*t - 414 = -5*p. What is the greatest common divisor of p and 9?
9
Suppose 0*t - 5*t - 2*d + 35 = 0, 20 = 2*t + 2*d. Suppose 0 = t*i - 35 + 10. Let r be (-45)/2*1*-2. Calculate the highest common divisor of i and r.
5
Suppose -b + 4 = 0, c - 5*b + 1060 = 5*c. What is the greatest common divisor of c and 52?
52
Suppose -75*u + 4 = -74*u. Suppose 4*v - 11 = -3. What is the highest common factor of v and u?
2
Let v = 151 + -63. Suppose -2*q = -6*q + v. Suppose 0 = 3*k + 2*r - 27 - q, 0 = 5*r - 25. What is the highest common divisor of k and 143?
13
Let k(a) = -6*a**3 - a**2 - a + 12. Let x be k(-4). Calculate the greatest common factor of 48 and x.
48
Suppose 4*b - 61 - 163 = 0. Let d(f) = -f**2 + 6*f + 2. Let s be d(5). Calculate the greatest common divisor of s and b.
7
Let n be (6/4)/((-6)/80). Let j be ((-9)/12 - 1)*n. Calculate the greatest common factor of 5 and j.
5
Let a(h) = -h**3 + 12*h**2 - 10*h - 7. Let u be a(11). Calculate the greatest common divisor of 36 and u.
4
Suppose 0*j = 3*j. Suppose 0 = f + 2*f - 5*w - 358, -f - 3*w + 124 = j. Suppose 3*n + 6 = 39. Calculate the highest common divisor of f and n.
11
Let w = 227 - 127. Suppose 105 = 5*k - 0*v - v, -k = 3*v - 5. What is the greatest common factor of k and w?
20
Suppose -w + 3*i + 17 = 0, 4*w + 3*i - 37 - 61 = 0. What is the highest common divisor of 253 and w?
23
Let o = 6 + 9. Calculate the highest common divisor of o and 135.
15
Suppose 2*f + 8 = 0, 17 = j - 2*f - 2*f. Calculate the greatest common factor of j and 13.
1
Suppose 3*v = -k + 20, -v - 12 = -3*k + k. Let f(w) = 2*w**2 + 4*w + 6. Let s be f(-3). What is the highest common divisor of k and s?
4
Suppose -3*p + 2*p = 0. Suppose y + p = 4*o + 11, 4*y - 3*o = 31. Suppose -5*x = -1 - 4. Calculate the highest common factor of x and y.
1
Suppose -7*g = -2*g. Let k = 2 + g. Let m(c) = -c + 4. Let r be m(-4). Calculate the greatest common divisor of k and r.
2
Suppose 3*k + 29 = 4*k. Let z(l) = l**2 - 7*l + 1. Let j be z(4). Let n = j + k. What is the greatest common factor of 45 and n?
9
Let w = -37 - -232. Calculate the highest common divisor of w and 15.
15
Let h(q) = 3*q**2 - 5*q - 6. Let x be h(-3). Calculate the greatest common factor of x and 54.
18
Let t be 432/44 + (-4)/(-22). What is the highest common factor of 10 and t?
10
Suppose -l - 3 + 5 = 0. Suppose 4 = -l*j + 8. Calculate